{"id":45,"date":"2026-03-29T08:43:40","date_gmt":"2026-03-29T08:43:40","guid":{"rendered":"https:\/\/wordpress-i6njc.wasmer.app\/?page_id=45"},"modified":"2026-03-29T08:43:40","modified_gmt":"2026-03-29T08:43:40","slug":"gioi-thieu","status":"publish","type":"page","link":"https:\/\/wordpress-i6njc.wasmer.app\/index.php\/gioi-thieu\/","title":{"rendered":"Gi\u1edbi thi\u1ec7u"},"content":{"rendered":"\n<p><strong>C\u00f4ng ty TNHH Bill Phan<\/strong>&nbsp;xin ch\u00e2n th\u00e0nh c\u1ea3m \u01a1n qu\u00fd kh\u00e1ch h\u00e0ng \u0111\u00e3 v\u00e0 \u0111ang h\u1ee3p t\u00e1c, \u1ee7ng h\u1ed9 v\u00e0 t\u1ea1o \u0111i\u1ec1u ki\u1ec7n \u0111\u1ec3 c\u00f4ng ty ng\u00e0y c\u00e0ng ph\u00e1t tri\u1ec3n.<\/p>\n\n\n\n<p>V\u1edbi \u0111\u1ed9i ng\u0169 nh\u00e2n vi\u00ean c\u1ee7a ch\u00fang t\u00f4i c\u00f3 nhi\u1ec1u n\u0103m kinh nghi\u1ec7m, s\u1ebd \u0111\u00e1p \u1ee9ng t\u1ed1t nh\u1ea5t nhu c\u1ea7u c\u1ee7a qu\u00fd kh\u00e1ch h\u00e0ng v\u1edbi ph\u01b0\u01a1ng ch\u00e2m&nbsp;<strong>3D<\/strong>&#8221;&nbsp;<strong>\u0110\u00daNG L\u00daC &#8211; \u0110\u00daNG CH\u1ea4T L\u01af\u1ee2NG &#8211; \u0110\u00daNG GI\u00c1 C\u1ea2<\/strong>&nbsp;&#8220;.<\/p>\n\n\n\n<p><strong>Bill Phan l\u00e0 nh\u00e0 s\u1ea3n xu\u1ea5t v\u00e0 l\u1eafp r\u00e1p:<\/strong>&nbsp;Xe \u0111\u1ea9y trolley ESD , K\u1ec7 h\u00e0ng ESD, b\u0103ng chuy\u1ec1n s\u1ea3n xu\u1ea5t t\u1ef1&nbsp;\u0111\u1ed9ng &#8230;v.v<\/p>\n\n\n\n<p><strong>Bill Phan<\/strong>&nbsp;<strong>l\u00e0 nh\u00e0 nh\u1eadp kh\u1ea9u v\u00e0 cung c\u1ea5p:<\/strong>&nbsp;m\u00e1y m\u00f3c, thi\u1ebft b\u1ecb , d\u1ee5ng c\u1ee5 , v\u1eadt t\u01b0 ph\u00f2ng s\u1ea1ch cho ng\u00e0nh s\u1ea3n xu\u1ea5t , l\u1eafp r\u00e1p \u0111\u1ed3 \u0111i\u1ec7n t\u1eed nh\u01b0:<\/p>\n\n\n\n<p>+ M\u00e1y h\u00fat kh\u00f3i h\u00e0n ch\u00ec, kh\u00f3i b\u1ec3 h\u00e0n, h\u00e0n argon, h\u00e0n \u0111i\u1ec7n, kh\u1eafc laser, c\u1eaft laser, kh\u00f3i \u0111\u1ed9c in 3D, kh\u00f3i \u0111\u1ed9c c\u1ee7a h\u00f3a ch\u1ea5t trong ph\u00f2ng th\u00ed nghi\u1ec7m, trong Th\u1ea9m M\u1ef9 Vi\u1ec7n,&nbsp; kh\u00f3i b\u1ee5i do m\u00e0i, c\u1eaft kim lo\u1ea1i t\u1ea1o ra.<\/p>\n\n\n\n<p>+ C\u00e1c lo\u1ea1i Robot c\u00f4ng nghi\u1ec7p: Robot h\u00e0n linh ki\u1ec7n \u0111i\u1ec7n t\u1eed, Robot tra keo, Robot b\u1eaft v\u00edt<\/p>\n\n\n\n<p>+ C\u00e1c s\u1ea3n ph\u1ea9m li\u00ean quan \u0111\u1ebfn t\u0129nh \u0111i\u1ec7n: T\u00fai ESD, Khay ESD, \u0110\u1ed3ng h\u1ed3 \u0111o ESD, Qu\u1ea1t th\u1ed5i ion, qu\u1ea7n \u00e1o gi\u00e0y d\u00e9p ch\u1ed1ng t\u1ec9nh \u0111i\u1ec7n&#8230;v.v<\/p>\n\n\n\n<p>+ C\u00e1c thi\u1ebft b\u1ecb m\u00e1y m\u00f3c d\u00f9ng \u0111i\u1ec7n: S\u00fang b\u1eafn v\u00edt, M\u00e1y nh\u1ecf keo, M\u00e1y c\u1eaft b\u0103ng keo, M\u00e1y \u0111o M\u00f4-men xo\u1eafn, M\u00e1y SMD Rework, M\u00e1y h\u00e0n, B\u1ec3 h\u00e0n\u2026v.v<\/p>\n\n\n\n<p>+ Nh\u00edp ESD, K\u00ecm c\u1eaft, K\u00ednh l\u00fap c\u00f3 \u0111\u00e8n, K\u00ednh hi\u1ec3n vi\u2026v.v<\/p>\n\n\n\n<p>Ch\u00fang t\u00f4i lu\u00f4n mong mu\u1ed1n ph\u1ee5c v\u1ee5 qu\u00fd kh\u00e1ch h\u00e0ng t\u1ed1t nh\u1ea5t.<\/p>\n\n\n\n<p>Xin Ch\u00e2n Th\u00e0nh C\u1ea3m \u01a0n v\u00e0 K\u00ednh Ch\u00fac Qu\u00fd Kh\u00e1ch H\u00e0ng M\u1ed9t Ng\u00e0y T\u1ed1t L\u00e0nh!<\/p>\n\n\n\n<h1 class=\"wp-block-heading\">&nbsp;<\/h1>\n","protected":false},"excerpt":{"rendered":"<p>C\u00f4ng ty TNHH Bill Phan&nbsp;xin ch\u00e2n th\u00e0nh c\u1ea3m \u01a1n qu\u00fd kh\u00e1ch h\u00e0ng \u0111\u00e3 v\u00e0 \u0111ang h\u1ee3p t\u00e1c, \u1ee7ng h\u1ed9 v\u00e0 t\u1ea1o \u0111i\u1ec1u ki\u1ec7n \u0111\u1ec3 c\u00f4ng ty ng\u00e0y c\u00e0ng ph\u00e1t tri\u1ec3n. V\u1edbi \u0111\u1ed9i ng\u0169 nh\u00e2n vi\u00ean c\u1ee7a ch\u00fang t\u00f4i c\u00f3 nhi\u1ec1u n\u0103m kinh nghi\u1ec7m, s\u1ebd \u0111\u00e1p \u1ee9ng t\u1ed1t nh\u1ea5t nhu c\u1ea7u c\u1ee7a qu\u00fd kh\u00e1ch h\u00e0ng v\u1edbi [&hellip;]<\/p>\n","protected":false},"author":1,"featured_media":0,"parent":0,"menu_order":0,"comment_status":"closed","ping_status":"closed","template":"","meta":{"footnotes":""},"class_list":["post-45","page","type-page","status-publish","hentry"],"_links":{"self":[{"href":"https:\/\/wordpress-i6njc.wasmer.app\/index.php\/wp-json\/wp\/v2\/pages\/45","targetHints":{"allow":["GET"]}}],"collection":[{"href":"https:\/\/wordpress-i6njc.wasmer.app\/index.php\/wp-json\/wp\/v2\/pages"}],"about":[{"href":"https:\/\/wordpress-i6njc.wasmer.app\/index.php\/wp-json\/wp\/v2\/types\/page"}],"author":[{"embeddable":true,"href":"https:\/\/wordpress-i6njc.wasmer.app\/index.php\/wp-json\/wp\/v2\/users\/1"}],"replies":[{"embeddable":true,"href":"https:\/\/wordpress-i6njc.wasmer.app\/index.php\/wp-json\/wp\/v2\/comments?post=45"}],"version-history":[{"count":0,"href":"https:\/\/wordpress-i6njc.wasmer.app\/index.php\/wp-json\/wp\/v2\/pages\/45\/revisions"}],"wp:attachment":[{"href":"https:\/\/wordpress-i6njc.wasmer.app\/index.php\/wp-json\/wp\/v2\/media?parent=45"}],"curies":[{"name":"wp","href":"https:\/\/api.w.org\/{rel}","templated":true}]}}